nd 8?
4
What is the greatest common divisor of 107736 and 376?
8
Calculate the highest common divisor of 447 and 41273.
149
What is the greatest common factor of 14 and 156352?
14
Calculate the greatest common divisor of 1289685 and 11430.
1905
What is the greatest common divisor of 45299 and 1868?
467
What is the highest common divisor of 10 and 66280?
10
Calculate the highest common divisor of 27966 and 885.
177
What is the highest common divisor of 784 and 255668?
28
What is the greatest common divisor of 243828 and 7488?
468
What is the highest common factor of 48574 and 209944?
326
What is the highest common factor of 2174849 and 166?
83
Calculate the highest common factor of 39361 and 7.
7
Calculate the greatest common factor of 161 and 365401.
23
Calculate the greatest common divisor of 60 and 100160.
20
Calculate the greatest common divisor of 555817 and 677.
677
Calculate the greatest common factor of 270 and 223080.
30
What is the greatest common divisor of 10 and 76865?
5
Calculate the highest common factor of 188486 and 1168.
146
What is the greatest common divisor of 95292 and 126?
18
Calculate the highest common factor of 3588 and 624.
156
Calculate the greatest common factor of 2877 and 22605.
411
Calculate the highest common factor of 12 and 156144.
12
What is the highest common factor of 104892 and 6?
6
What is the greatest common factor of 17 and 398463?
17
What is the highest common factor of 351 and 15977?
13
Calculate the greatest common divisor of 89978 and 14.
14
Calculate the highest common divisor of 1022 and 12544.
14
What is the highest common divisor of 18 and 1436?
2
Calculate the highest common factor of 1991 and 253.
11
Calculate the greatest common factor of 1434652 and 344.
172
What is the highest common divisor of 8584 and 84064?
296
Calculate the greatest common factor of 5500 and 572.
44
What is the greatest common divisor of 136 and 82025?
17
What is the highest common factor of 939 and 84197?
313
What is the highest common divisor of 1204157 and 3?
1
What is the greatest common factor of 1594873 and 142?
71
What is the highest common factor of 24236 and 8468?
292
What is the highest common divisor of 46 and 539971?
23
What is the highest common divisor of 648720 and 80?
80
Calculate the greatest common factor of 558 and 12429.
9
What is the greatest common factor of 2691 and 28197?
117
What is the highest common divisor of 35260 and 1075?
215
What is the highest common factor of 1922280 and 264?
24
What is the highest common divisor of 230359 and 7231?
1033
Calculate the highest common factor of 252 and 514824.
12
What is the highest common factor of 4416 and 81144?
552
What is the greatest common divisor of 4 and 23020?
4
What is the greatest common factor of 814 and 214082?
814
Calculate the greatest common factor of 75 and 10110.
15
What is the highest common factor of 5604 and 156?
12
Calculate the highest common divisor of 365 and 511.
73
Calculate the highest common divisor of 40 and 2942140.
20
What is the highest common factor of 178608 and 48?
48
Calculate the greatest common factor of 1971 and 21.
3
What is the highest common divisor of 13920 and 3720?
120
What is the highest common factor of 44 and 1024?
4
What is the highest common divisor of 7 and 671937?
7
Calculate the greatest common divisor of 2117 and 725.
29
Calculate the greatest common factor of 9476 and 1932.
92
Calculate the highest common factor of 57499 and 26.
13
Calculate the greatest common factor of 296759 and 668.
167
Calculate the greatest common divisor of 2149680 and 4770.
1590
What is the highest common factor of 98944 and 1024?
128
Calculate the greatest common factor of 38885 and 1980.
55
Calculate the greatest common divisor of 456 and 39558.
114
Calculate the highest common divisor of 22113 and 42.
21
What is the highest common factor of 1957 and 513?
19
What is the highest common factor of 2278764 and 18?
18
What is the greatest common divisor of 54040 and 5670?
70
Calculate the highest common divisor of 394140 and 45.
15
What is the greatest common divisor of 705 and 399345?
15
What is the highest common factor of 280 and 127085?
35
What is the highest common divisor of 216 and 417096?
216
Calculate the highest common factor of 7047 and 464.
29
What is the greatest common factor of 16 and 13976?
8
Calculate the highest common divisor of 3708 and 38952.
36
What is the greatest common factor of 199122 and 126?
42
Calculate the highest common factor of 11 and 1467367.
11
Calculate the greatest common factor of 6 and 199.
1
Calculate the highest common divisor of 108 and 5856.
12
What is the greatest common factor of 900 and 3550?
50
What is the highest common divisor of 91 and 367666?
13
Calculate the greatest common divisor of 645 and 72210.
15
What is the highest common factor of 179046 and 504?
126
What is the greatest common divisor of 55 and 19833?
11
What is the highest common factor of 4 and 625?
1
Calculate the highest common factor of 357037 and 20609.
557
Calculate the greatest common factor of 98 and 86338.
98
What is the highest common factor of 235563 and 699?
699
What is the highest common divisor of 10782479 and 106?
53
Calculate the highest common factor of 129 and 26617.
43
What is the greatest common divisor of 6 and 592?
2
What is the greatest common divisor of 551 and 397039?
29
Calculate the highest common divisor of 87844 and 4.
4
What is the greatest common divisor of 1656 and 5744664?
1656
What is the highest common divisor of 8118 and 231486?
246
What is the greatest common factor of 19637 and 807?
269
Calculate the highest common factor of 20878 and 715.
143
Calculate the greatest common divisor of 13117 and 4.
1
What is the greatest common divisor of 11574 and 288?
18
What is the greatest common divisor of 441002 and 161?
23
What is the highest common factor of 20360 and 180?
20
What is the greatest common divisor of 12175 and 3409?
487
What is the highest common divisor of 3338 and 14?
2
Calculate the greatest common divisor of 993 and 279695.
331
What is the greatest common factor of 513 and 62073?
513
What is the greatest common factor of 41 and 730087?
41
Calculate the greatest common factor of 356776 and 2576.
1288
What is the greatest common divisor of 117446 and 140?
14
What is the greatest common divisor of 20653 and 19?
19
Calculate the greatest common divisor of 392 and 541891.
49
Calculate the greatest common factor of 9 and 925542.
9
What is the greatest common divisor of 280 and 207760?
280
What is the highest common factor of 380 and 6004?
76
What is the highest common factor of 331 and 1031065?
331
What is the greatest common factor of 17 and 5310817?
17
What is the greatest common factor of 803 and 2112?
11
What is the highest common divisor of 218 and 4469?
109
What is the greatest common divisor of 7296 and 759936?
384
What is the greatest common divisor of 2575 and 950?
25
What is the greatest common factor of 8448 and 132?
132
Calculate the highest common factor of 12626 and 65698.
214
Calculate the highest common factor of 70741 and 177.
59
What is the greatest common factor of 57 and 1593?
3
Calculate the greatest common divisor of 25440 and 4590.
30
What is the greatest common factor of 1024 and 55232?
64
What is the greatest common factor of 1701 and 8829?
81
Calculate the greatest common factor of 2210 and 7280.
130
Calculate the greatest common factor of 529 and 1978.
23
Calculate the greatest common divisor of 30711 and 10527.
87
What is the greatest common divisor of 156261 and 147?
147
Calculate the greatest common factor of 91 and 49998.
13
Calculate the greatest common divisor of 7658 and 112.
14
Calculate the greatest common factor of 1 and 22993.
1
Calculate the greatest common divisor of 355620 and 60.
60
What is the highest common factor of 114495 and 210?
15
What is the highest common factor of 51119 and 153?
17
What is the greatest common divisor of 11842 and 14134?
382
Calculate the highest common divisor of 5161004 and 496.
124
What is the highest common divisor of 23062 and 130?
26
Calculate the greatest common factor of 6 and 1999824.
6
What is the highest common factor of 112 and 1387918?
14
Calculate the greatest common divisor of 149463 and 27.
